{"id":10,"date":"2018-02-17T22:06:09","date_gmt":"2018-02-17T22:06:09","guid":{"rendered":"http:\/\/eicher-landhandel.de\/?page_id=10"},"modified":"2018-05-25T08:35:18","modified_gmt":"2018-05-25T08:35:18","slug":"home","status":"publish","type":"page","link":"https:\/\/eicher-landhandel.de\/","title":{"rendered":"Home"},"content":{"rendered":"<h1 style=\"text-align: center;\"><b>Herzlich Willkommen beim <\/b><\/h1>\n<h1 style=\"text-align: center;\"><b>Landhandel Eicher &#8211; Birkeln<\/b><\/h1>\n<p>&nbsp;<\/p>\n<p>&nbsp;<\/p>\n<p style=\"text-align: center;\"><b>Ihr Partner f\u00fcr Agrarprodukte und Pferdefutter<\/b><\/p>\n<p>&nbsp;<\/p>\n<p style=\"text-align: left;\">Unser Landhandel ist spezialisiert auf den Bedarf von landwirtschaftlichen Betrieben jeder Art und Gr\u00f6\u00dfe.\u00a0Als zuverl\u00e4ssiger Partner beraten wir Sie individuell und kompetent in allen Fragen der Landwirtschaft.<\/p>\n<p style=\"text-align: left;\">Dar\u00fcber hinaus f\u00fchren wir auch einen Hofladen f\u00fcr Pferdefutter, Pflegemittel und Einstreu.\u00a0Gerne beraten wir Sie auch ausf\u00fchrlich, gerade bei Problemf\u00e4llen wie\u00a0<b>Kolik, Kotwasser, Rehe, Cushing, PSSM und anderen Stoffwechselst\u00f6rungen<\/b>\u00a0oder allgemein.\u00a0Neben einer fundierten Beratung bieten wir auch\u00a0<b>Lieferservice<\/b>\u00a0nach Vereinbarung im Raum Erding und M\u00fcnchen<\/p>\n<p style=\"text-align: left;\">Gerne informieren wir Sie auf unserer Homepage \u00fcber unser aktuelles Sortiment und unsere angebotenen Dienstleistungen.<\/p>\n<p style=\"text-align: left;\">\n","protected":false},"excerpt":{"rendered":"<p>Herzlich Willkommen beim Landhandel Eicher &#8211; Birkeln &nbsp; &nbsp; Ihr Partner f\u00fcr Agrarprodukte und Pferdefutter &nbsp; Unser Landhandel ist spezialisiert auf den Bedarf von landwirtschaftlichen Betrieben jeder Art und Gr\u00f6\u00dfe.\u00a0Als zuverl\u00e4ssiger Partner beraten wir Sie individuell und kompetent in allen Fragen der Landwirtschaft. Dar\u00fcber hinaus f\u00fchren wir auch einen Hofladen f\u00fcr Pferdefutter, Pflegemittel und Einstreu.\u00a0Gerne beraten wir Sie auch ausf\u00fchrlich, gerade bei Problemf\u00e4llen wie\u00a0Kolik, Kotwasser, Rehe, Cushing, PSSM und anderen Stoffwechselst\u00f6rungen\u00a0oder allgemein.\u00a0Neben einer fundierten Beratung bieten wir auch\u00a0Lieferservice\u00a0nach Vereinbarung im&#8230;<\/p>\n<p class=\"read-more\"><a class=\"btn btn-default\" href=\"https:\/\/eicher-landhandel.de\/\">Weiterlesen<span class=\"screen-reader-text\"> Weiterlesen<\/span><\/a><\/p>\n","protected":false},"author":1,"featured_media":0,"parent":0,"menu_order":0,"comment_status":"closed","ping_status":"closed","template":"","meta":[],"_links":{"self":[{"href":"https:\/\/eicher-landhandel.de\/index.php?rest_route=\/wp\/v2\/pages\/10"}],"collection":[{"href":"https:\/\/eicher-landhandel.de\/index.php?rest_route=\/wp\/v2\/pages"}],"about":[{"href":"https:\/\/eicher-landhandel.de\/index.php?rest_route=\/wp\/v2\/types\/page"}],"author":[{"embeddable":true,"href":"https:\/\/eicher-landhandel.de\/index.php?rest_route=\/wp\/v2\/users\/1"}],"replies":[{"embeddable":true,"href":"https:\/\/eicher-landhandel.de\/index.php?rest_route=%2Fwp%2Fv2%2Fcomments&post=10"}],"version-history":[{"count":10,"href":"https:\/\/eicher-landhandel.de\/index.php?rest_route=\/wp\/v2\/pages\/10\/revisions"}],"predecessor-version":[{"id":12,"href":"https:\/\/eicher-landhandel.de\/index.php?rest_route=\/wp\/v2\/pages\/10\/revisions\/12"}],"wp:attachment":[{"href":"https:\/\/eicher-landhandel.de\/index.php?rest_route=%2Fwp%2Fv2%2Fmedia&parent=10"}],"curies":[{"name":"wp","href":"https:\/\/api.w.org\/{rel}","templated":true}]}}